r of t and 78?
26
Suppose -5*n = -2*n - 648. Let o be (-12 + 96)*2/7. Calculate the greatest common factor of n and o.
24
Suppose -n = -1 - 1. Let o = 2 + n. Suppose -5*l - f + 644 = 0, o*f = -0*l + 4*l - 496. What is the greatest common divisor of l and 16?
16
Let n be 28 - -7 - (-23 - -20). What is the highest common factor of 19 and n?
19
Suppose 18*x - 65 = 13*x. Let n be (-1039)/(-4) + 3/12. What is the greatest common factor of n and x?
13
Suppose 8*r - 17 = -633. Let k = -38 - r. Calculate the highest common divisor of k and 13.
13
Let s = -180 - -190. Calculate the highest common divisor of s and 115.
5
Let h(s) = s**3 - 14*s**2 + 28*s - 39. Let d be h(12). What is the highest common factor of d and 6?
3
Suppose 22*u = 20*u. Suppose u = 3*j - 11*j + 704. Calculate the highest common factor of j and 8.
8
Let s = -3618 - -5217. What is the greatest common factor of s and 26?
13
Let w(m) = m**2 - 7*m. Let g be w(8). Calculate the greatest common divisor of 8 and g.
8
Let s be (-1 - -3)/(6/9). Let n(m) = -m. Let r be n(-3). Let k be 11 - r/((-3)/(-2)). What is the greatest common factor of s and k?
3
Suppose -12 = -14*k + 11*k. Suppose -3*r - k*f = 2 - 67, 0 = -r + 3*f. Calculate the greatest common divisor of r and 30.
15
Let f(j) = j - 15 + 5*j + 4. Let s be f(6). Suppose 3*r + 35 - 50 = 0. Calculate the greatest common divisor of s and r.
5
Suppose -3*b + 0*b - j + 652 = 0, 4*b + 5*j = 884. Calculate the highest common factor of 56 and b.
8
Suppose 0 = -33*o - 26*o + 22715. What is the highest common divisor of 35 and o?
35
Suppose 6 + 4 = 5*r. Suppose -5*u + 4*w = -76, w - 28 = -r*u + 5*w. Calculate the greatest common factor of u and 96.
16
Let t(i) = 12*i + 9*i + 4*i - 19*i. Let w be t(17). Let r = -12 + 46. What is the greatest common divisor of r and w?
34
Let d = 990 + -899. What is the highest common factor of 35 and d?
7
Suppose -24*f + 26*f = 40. What is the highest common divisor of f and 190?
10
Let s(k) = 13*k + 3. Let t be s(-2). Let i = t + 28. Suppose 35 = i*w - 5*j, -5*w + 33 = -3*j + 4. What is the greatest common factor of w and 1?
1
Let f be 119/952 - 1823/(-8). What is the greatest common factor of f and 60?
12
Let v(j) = -13*j**2 - 4*j + 4. Let u be v(3). Let y = -59 - u. What is the highest common factor of 12 and y?
6
Let m(g) be the second derivative of g**3/6 + 5*g**2 - 12*g. Let u be m(-6). What is the highest common divisor of u and 44?
4
Let l be (-72)/1*(-39)/9. Let o be l/(-65) - 2/10. Let g be (5 + -55)*6/o. Calculate the highest common divisor of 20 and g.
20
Let g(u) = 2*u - 19. Let h be g(12). Suppose h*m = 6*m - 19. What is the greatest common divisor of 57 and m?
19
Suppose -12 = 3*z, -5*a = -0*z + 4*z - 89. Let u(n) = 4*n - 4. Let l be u(4). Let h = l - 5. What is the highest common factor of h and a?
7
Suppose 6*p - 33120 = -34*p. What is the highest common divisor of p and 36?
36
Let f = 76 - 41. Suppose 18*z - 21*z + 42 = 0. Calculate the greatest common factor of z and f.
7
Suppose -142*y + 153*y - 396 = 0. Calculate the greatest common factor of y and 372.
12
Let j(y) = -10*y - 136. Let p be j(-16). Let i be (-13 - 4/2)*-4. Calculate the greatest common divisor of i and p.
12
Let z(a) = 33*a + 431. Let c be z(-13). What is the highest common factor of 718 and c?
2
Suppose 120*x - 129*x = -1134. What is the greatest common factor of x and 27?
9
Suppose 4*v - 24 = -2*k, 0 = -5*v + 9*v + 8. Calculate the greatest common divisor of 8 and k.
8
Suppose 4*m - 15 = 5. Suppose 31*j - 4 - 399 = 0. Suppose -m*v + 7 = -j. Calculate the highest common divisor of 1 and v.
1
Suppose -4*t = 2*i - 8, i - 2*i = -2*t - 8. Suppose 2*s + i = 22. Let y = 8294 - 8238. Calculate the highest common divisor of s and y.
8
Suppose 6*w - 9*w = 291. Let g = 138 + w. Let n = 65 - g. Calculate the highest common divisor of n and 24.
24
Let f be (4/3)/((-92)/(-11040)). What is the highest common factor of f and 144?
16
Suppose 5*h + 25 = 0, 137*h - 10 = -5*u + 135*h. What is the greatest common factor of u and 9?
1
Let w = 987 + -691. What is the greatest common divisor of w and 74?
74
Let v = -99 - -101. Suppose -14 = v*w + 6*t - 2*t, -w + 2*t = -9. Let m = -3 - -4. What is the greatest common divisor of w and m?
1
Suppose 0 = 2*i + 4, g - i - 14 = -2*g. Suppose -120 = -2*c + g*c. Let x = -35 - c. What is the highest common divisor of x and 5?
5
Let c(r) = -12*r + 2. Let v be c(1). Let h be 6/v*(-715)/13. What is the highest common factor of h and 198?
33
Suppose 697 = 2*w - c, 12*w + 5*c - 1765 = 7*w. Calculate the greatest common divisor of 112 and w.
14
Let x(t) = 19*t**2 + 3*t + 2. Let k be x(-1). Let y = k + 62. Let w = y + -52. Calculate the highest common factor of 42 and w.
14
Let v = -591 - -899. What is the highest common divisor of 132 and v?
44
Let n be (1/(-3))/(7/(-63)). Suppose 0 = t + s - 167, -t + 663 = n*t + 3*s. What is the highest common factor of t and 18?
18
Let g = -32 - -38. Suppose 9*n - g*n = 36. Calculate the highest common divisor of n and 4.
4
Suppose -3*z - 2 = -2*j + z, -4*j - 3*z + 4 = 0. Let b = j - -20. What is the highest common divisor of 84 and b?
21
Let b(s) = -2*s**2 - 23*s - 9. Let p be (664/(-40) - -7) + 4/(-10). Let w be b(p). What is the highest common divisor of w and 168?
21
Let v(c) = 4*c**2 - 7*c - 57. Let k be v(-5). What is the greatest common divisor of k and 78?
78
Let l be -6*(-4)/(-32)*-4. Let p = 502 + -277. Let x be ((-12)/10)/((-18)/p). What is the highest common factor of x and l?
3
Suppose 0 = -3*f + 5*b + 1278, -4*b + 1693 = 4*f - 11. What is the highest common factor of f and 6?
6
Let z(a) = 6*a**2 - 20*a + 32. Let h be z(-8). Calculate the highest common factor of h and 27.
9
Suppose 5*h - 5*a - 20 = -10*a, 2*h + 4*a - 2 = 0. What is the highest common divisor of 133 and h?
7
Let j = -2472 + 2562. What is the greatest common divisor of j and 102?
6
Suppose -9*m + 661 = 238. Calculate the greatest common factor of 517 and m.
47
Let g be (-6 - -11)/((5/(-430))/(-1)). What is the highest common divisor of 5 and g?
5
Let f(h) = -h**2 + 4*h + 612. Let t be f(-22). Calculate the highest common factor of t and 360.
40
Let k be (-12)/(-10)*150/9. Suppose -5*r = -4*n + 2*n + 295, 4*r = 20. What is the greatest common factor of k and n?
20
Suppose 0 = 3*g - 5*g + 62. What is the greatest common divisor of g and 31?
31
Let r(z) = 2*z + 53*z**2 - 8 - 16 - 52*z**2. Let c be r(-7). Calculate the greatest common divisor of c and 44.
11
Suppose -3*t - 4*a + 133 = 0, -79*t = -81*t + 2*a + 70. Let j(n) = 2*n + 3. Let p be j(5). Calculate the highest common divisor of t and p.
13
Suppose -5*q - y = -900, 0 = -y - 2*y. Let p be 2316/q + (-4)/(-30). Calculate the highest common divisor of p and 52.
13
Suppose -17*w + 13*w + 12 = 0. Suppose n + z - 235 = 0, -z + 2*z = -w*n + 699. What is the highest common divisor of n and 58?
58
Let s(u) = u**3 + 7*u**2 + 7*u + 1. Let g be s(-5). Let r(t) = -t**3 - 58*t**2 + 5*t + 306. Let d be r(-58). Calculate the greatest common divisor of g and d.
16
Let n(q) = -q - 1. Let g be n(-1). Suppose -5*i - 4*u = -0*u - 42, g = -i + 4*u + 18. Let l be 478/12 + 6/36. Calculate the highest common divisor of l and i.
10
Suppose 0*u + 8 = 2*u. Suppose -p + 65 = u*p. Suppose 129 = o + 2*h, 2*o - 240 = 21*h - 22*h. Calculate the greatest common divisor of p and o.
13
Let r be (-8)/28 - (-220)/(-14). Let m be (-12)/r*(4 - 0). Suppose -m*s - 44 = -4*v, v + v = -4*s. What is the greatest common divisor of 2 and v?
2
Suppose 3*k - 4 - 2 = 0. Suppose 4*g - k*c - 37 = g, 5*g - 20 = -5*c. Let i be g - (-5)/(-20)*0. Calculate the greatest common divisor of 36 and i.
9
Let y = -38 + 40. Let h be 3/y - (-1)/2. What is the highest common factor of 3 and h?
1
Let g(u) = 2*u**2 + 3*u - 6. Let o(z) = -z**3 - 15*z**2 + 17*z + 12. Let b be o(-16). Let x be g(b). What is the highest common divisor of 28 and x?
14
Let q be (12/(-8))/((-15)/80). Suppose 5*g = 0, -4*d = -q*d - 4*g + 44. Calculate the highest common factor of 1 and d.
1
Suppose -6*s = -12 - 54. What is the highest common factor of 176 and s?
11
Let b(a) = 5*a + 37. Let j be b(-7). Let c(w) = -w - 2. Let u be c(-6). Suppose u - 16 = -j*o. What is the greatest common factor of 66 and o?
6
Suppose 4*u + 132 = 3*o, o